{"id":878,"date":"2019-10-31T11:21:27","date_gmt":"2019-10-31T10:21:27","guid":{"rendered":"http:\/\/www.lichtwerk.co.at\/?page_id=878"},"modified":"2019-11-06T20:00:18","modified_gmt":"2019-11-06T19:00:18","slug":"ueber-uns","status":"publish","type":"page","link":"https:\/\/www.lichtwerk.co.at\/index.php\/ueber-uns\/","title":{"rendered":"\u00dcBER UNS"},"content":{"rendered":"<div  id=\"about-2\" class=\"about-four-boxes-section\" style=\"background-color: #ffffff;\" data-label=\"About\" data-id=\"about-four-boxes-section\" data-category=\"about\">\n<div  class=\"gridContainer\">\n<div  class=\"about-four-boxes-innerrow flexbox-list\">\n<div  class=\"about-four-boxes-imgcol\" data-bg=\"image\"><span  style=\"font-size: 1em; font-weight: 600;\">\u00dcBER UNS<\/span><\/div>\n<div  class=\"about-four-boxes-textcol\" data-type=\"column\">\n<h2  class=\"\">Lichtwerk<\/h2>\n<p  class=\"\"><span  style=\"font-weight: 400;\">LICHTWERK<\/span> stellt Designerleuchten her, individuell \u2013 handmade. Wir entwerfen und entwickeln unsere Produkte in unserem Wiener Atelier.&nbsp; Vom Einkauf der Komponenten bis zu zum fertigen Geh\u00e4use erfolgt jeder Schritt in unserer Manufaktur.<br >\nWir setzen auf regionales Know How und Handwerk.<\/p>\n\n\n<\/div>\n<div  class=\"about-four-boxes-textcol\" data-type=\"column\">\n<h6  class=\"\">von der idee zum produkt<\/h6>\n<h2  class=\"\">Something cool<\/h2>\n<p  class=\"\">2017 startete <span  style=\"font-weight: 400;\">LICHTWERK<\/span> mit den ersten Zeichnungen, Entw\u00fcrfen und Prototypen. Wir testeten viele verschiedene Materialien, Komponenten und Leuchtmittel, um das richtige Setting zu finden: kraftvolles Licht, auff\u00e4lliges Design und schlanke \u00c4sthetik.<\/p>\n\n\n<\/div>\n<div  class=\"about-four-boxes-imgcol2\" style=\"background-image: url('https:\/\/www.lichtwerk.co.at\/wp-content\/uploads\/2019\/10\/lamp.magenta.jpg');\" data-bg=\"image\"><\/div>\n<\/div>\n<\/div>\n<\/div><div  data-label=\"Content\" data-id=\"content-image-right\" data-category=\"content\" class=\"content-right-image-section content-image-right\" id=\"content-4\" style=\"background-color: rgb(246, 246, 246);\"> <div  class=\"gridContainer\"> <div  class=\"content-right-image-gridcol\"> <div  class=\"content-right-image-textcol dynamic-color\" data-type=\"column\"> <h2  class=\"\">Die Idee<\/h2> <p  class=\"large_text\">Durch meine langj\u00e4hrige Erfahrung in der Beratung und Vermietung von technischem Marken-Equipment erkannte ich sehr rasch den Bedarf an flexiblen und mobilen Beleuchtungsl\u00f6sungen.\n\n<br ><br >Die kabellose <span  style=\"font-weight: 400;\">EASYLUM<\/span> ist eine gro\u00dfartige M\u00f6glichkeit, den Platzbedarf f\u00fcr die Beleuchtung Ihrer Veranstaltung zu minimieren und innerhalb von Minuten&nbsp;Licht, Farbe oder Akzente zu setzen.\n<br ><br >Mit unserem modernen LED Uplight <span  style=\"font-weight: 400;\">EASYLUM<\/span> haben wir ein Produkt entwickelt, welches genau diesen Anforderungen an Optik und Effizienz entspricht.\n<br ><br >Das elegante Design sowie hohe Helligkeit mit 280LM, gepaart mit langer Akkulaufzeit von bis zu 14 Stunden, machen diesen Allrounder einzigartig.<\/p>  <\/div> <div  class=\"content-right-image-imgcol\" data-type=\"column\"> <img decoding=\"async\"  src=\"https:\/\/www.lichtwerk.co.at\/wp-content\/uploads\/2019\/10\/IMG_20190525_185523.jpg\" class=\"\" scale=\"0\"> <\/div> <\/div> <\/div> <\/div>","protected":false},"excerpt":{"rendered":"<p>\u00dcBER UNS Lichtwerk LICHTWERK stellt Designerleuchten her, individuell \u2013 handmade. Wir entwerfen und entwickeln unsere Produkte in unserem Wiener Atelier.&nbsp; Vom Einkauf der Komponenten bis zu zum fertigen Geh\u00e4use erfolgt jeder Schritt in unserer Manufaktur. Wir setzen auf regionales Know How und Handwerk. von der idee zum produkt Something cool 2017 startete LICHTWERK mit den&hellip; <br \/> <a class=\"button small blue\" href=\"https:\/\/www.lichtwerk.co.at\/index.php\/ueber-uns\/\">Weiterlesen<\/a><\/p>\n","protected":false},"author":1,"featured_media":0,"parent":0,"menu_order":0,"comment_status":"closed","ping_status":"closed","template":"full-width-page.php","meta":{"footnotes":""},"class_list":["post-878","page","type-page","status-publish","hentry"],"_links":{"self":[{"href":"https:\/\/www.lichtwerk.co.at\/index.php\/wp-json\/wp\/v2\/pages\/878"}],"collection":[{"href":"https:\/\/www.lichtwerk.co.at\/index.php\/wp-json\/wp\/v2\/pages"}],"about":[{"href":"https:\/\/www.lichtwerk.co.at\/index.php\/wp-json\/wp\/v2\/types\/page"}],"author":[{"embeddable":true,"href":"https:\/\/www.lichtwerk.co.at\/index.php\/wp-json\/wp\/v2\/users\/1"}],"replies":[{"embeddable":true,"href":"https:\/\/www.lichtwerk.co.at\/index.php\/wp-json\/wp\/v2\/comments?post=878"}],"version-history":[{"count":14,"href":"https:\/\/www.lichtwerk.co.at\/index.php\/wp-json\/wp\/v2\/pages\/878\/revisions"}],"predecessor-version":[{"id":1219,"href":"https:\/\/www.lichtwerk.co.at\/index.php\/wp-json\/wp\/v2\/pages\/878\/revisions\/1219"}],"wp:attachment":[{"href":"https:\/\/www.lichtwerk.co.at\/index.php\/wp-json\/wp\/v2\/media?parent=878"}],"curies":[{"name":"wp","href":"https:\/\/api.w.org\/{rel}","templated":true}]}}